{"id":4065,"date":"2024-11-20T20:28:42","date_gmt":"2024-11-20T19:28:42","guid":{"rendered":"http:\/\/www.cecilebonardi.com\/coach-vocal\/?page_id=4065"},"modified":"2026-01-02T16:43:24","modified_gmt":"2026-01-02T15:43:24","slug":"stage-suisse","status":"publish","type":"page","link":"http:\/\/www.cecilebonardi.com\/coach-vocal\/stage-suisse\/","title":{"rendered":"Stages en Suisse"},"content":{"rendered":"<h2>Tr\u00e8s Bient\u00f4t&#8230;<\/h2>\n<h2><img decoding=\"async\" loading=\"lazy\" class=\"alignleft size-carre wp-image-1048\" src=\"http:\/\/www.cecilebonardi.com\/coach-vocal\/wp-content\/uploads\/2024\/09\/Cecile-9-250x250.jpg\" alt=\"\" width=\"250\" height=\"250\" \/><\/h2>\n<h4><a href=\"https:\/\/actinglinestudio.com\/stages\/stage-de-chant\/\">Endurance et confort vocal \u00e0 \u00ab\u00a0Acting Line Studio\u00a0\u00bb dans l&rsquo;\u00e9cole de Ludovic Gossiaux a Lausanne ou Gen\u00e8ve.<\/a><\/h4>\n<p>Le stage de chant est une bonne mani\u00e8re d&rsquo;aborder les points vocaux pr\u00e9cis \u00e0 d\u00e9velopper pour <strong>des professionnels de la voix<\/strong> (com\u00e9diens-nes, ou orateurs-trices).<\/p>\n<blockquote>\n<p style=\"text-align: center;\">Les stages de chant en suisse \u00e0 Gen\u00e8ve et Lausanne chez <a href=\"https:\/\/actinglinestudio.com\">Acting Line Studio<\/a> pour la saison 2025\/2026 sont les<\/p>\n<p style=\"text-align: center;\">16, 17 et 18 Janvier \/ 27, 28 et 29 mars\/ 1er, 2 et 3 mai \/ 27, 28 et 29 juin<\/p>\n<\/blockquote>\n<h4><\/h4>\n<p><strong>Le travail consiste \u00e0 trouver le confort et l&rsquo;endurance vocale, dans le but de chanter ou de parler sans effort en recherchant le naturel de votre voix<\/strong><strong>.<br \/>\n<\/strong><\/p>\n<p>La premi\u00e8re partie du cours, on travaille la technique vocale afin de\u00a0comprendre concr\u00e8tement la respiration, les r\u00e9sonances, l&rsquo;articulation, etc. et on l&rsquo;applique sur la voix parl\u00e9e du com\u00e9dien ou de la com\u00e9dienne.<\/p>\n<p>Dans la deuxi\u00e8me partie l&rsquo;application de la technique vocale se fait sur diff\u00e9rents titres ( pop rock, chansons, jazz, etc.) en Anglais ou en Fran\u00e7ais avec un accompagnement au piano ou avec des\u00a0instrumentaux.<br \/>\n<b><\/b>Les stages se d\u00e9rouleront sur 3 JOURS chacun : \u00e0 raison de 4H ou 6H suivant le nombre de personnes inscrites (maxi 14 personnes.<\/p>\n<p><a title=\"https:\/\/www.google.ch\/maps\/place\/Acting+Line+Studio+Gen%C3%A8ve\/@46.2136438,6.1188756,17z\/data=!3m1!4b1!4m5!3m4!1s0x478c65d85607765d:0x9ff35ecaa6c1f9e1!8m2!3d46.2136438!4d6.1210643?hl=fr\" href=\"https:\/\/www.google.ch\/maps\/place\/Acting+Line+Studio+Gen%C3%A8ve\/@46.2136438,6.1188756,17z\/data=!3m1!4b1!4m5!3m4!1s0x478c65d85607765d:0x9ff35ecaa6c1f9e1!8m2!3d46.2136438!4d6.1210643?hl=fr\" target=\"_blank\" rel=\"noopener\">Acting Line Studio, Gen\u00e8ve\u00a0 \u00a0 2 Cit\u00e9 Vieusseux, 1203 Gen\u00e8ve<\/a><\/p>\n<p><a title=\"https:\/\/www.google.ch\/maps\/place\/Acting+Line+Studio+Lausanne\/@46.52318,6.617228,15z\/data=!4m5!3m4!1s0x0:0xa215384bf16ffd3b!8m2!3d46.52318!4d6.617228?hl=fr\" href=\"https:\/\/www.google.ch\/maps\/place\/Acting+Line+Studio+Lausanne\/@46.52318,6.617228,15z\/data=!4m5!3m4!1s0x0:0xa215384bf16ffd3b!8m2!3d46.52318!4d6.617228?hl=fr\" target=\"_blank\" rel=\"noopener\">Acting Line Studio, Lausanne\u00a0 54 avenue de S\u00e9velin, 1004 Lausanne<\/a><\/p>\n","protected":false},"excerpt":{"rendered":"<p>Tr\u00e8s Bient\u00f4t&#8230; Endurance et confort vocal \u00e0 \u00ab\u00a0Acting Line Studio\u00a0\u00bb dans l&rsquo;\u00e9cole de Ludovic Gossiaux a Lausanne ou Gen\u00e8ve. Le stage de chant est une bonne mani\u00e8re d&rsquo;aborder les points vocaux pr\u00e9cis \u00e0 d\u00e9velopper pour des professionnels de la voix (com\u00e9diens-nes, ou orateurs-trices). Les stages de chant en suisse \u00e0 Gen\u00e8ve et Lausanne chez Acting [&hellip;]<\/p>\n","protected":false},"author":1,"featured_media":0,"parent":0,"menu_order":0,"comment_status":"closed","ping_status":"closed","template":"","meta":{"_et_pb_use_builder":"","_et_pb_old_content":"","_et_gb_content_width":""},"_links":{"self":[{"href":"http:\/\/www.cecilebonardi.com\/coach-vocal\/wp-json\/wp\/v2\/pages\/4065"}],"collection":[{"href":"http:\/\/www.cecilebonardi.com\/coach-vocal\/wp-json\/wp\/v2\/pages"}],"about":[{"href":"http:\/\/www.cecilebonardi.com\/coach-vocal\/wp-json\/wp\/v2\/types\/page"}],"author":[{"embeddable":true,"href":"http:\/\/www.cecilebonardi.com\/coach-vocal\/wp-json\/wp\/v2\/users\/1"}],"replies":[{"embeddable":true,"href":"http:\/\/www.cecilebonardi.com\/coach-vocal\/wp-json\/wp\/v2\/comments?post=4065"}],"version-history":[{"count":19,"href":"http:\/\/www.cecilebonardi.com\/coach-vocal\/wp-json\/wp\/v2\/pages\/4065\/revisions"}],"predecessor-version":[{"id":4340,"href":"http:\/\/www.cecilebonardi.com\/coach-vocal\/wp-json\/wp\/v2\/pages\/4065\/revisions\/4340"}],"wp:attachment":[{"href":"http:\/\/www.cecilebonardi.com\/coach-vocal\/wp-json\/wp\/v2\/media?parent=4065"}],"curies":[{"name":"wp","href":"https:\/\/api.w.org\/{rel}","templated":true}]}}