{"id":4061,"date":"2024-11-20T20:26:34","date_gmt":"2024-11-20T19:26:34","guid":{"rendered":"http:\/\/www.cecilebonardi.com\/coach-vocal\/?page_id=4061"},"modified":"2026-01-02T16:32:34","modified_gmt":"2026-01-02T15:32:34","slug":"stage-paris","status":"publish","type":"page","link":"http:\/\/www.cecilebonardi.com\/coach-vocal\/stage-paris\/","title":{"rendered":"Stage \u00e0 l&rsquo;INM Le mans"},"content":{"rendered":"<p><img decoding=\"async\" loading=\"lazy\" class=\"alignleft size-carre wp-image-1048\" src=\"http:\/\/www.cecilebonardi.com\/coach-vocal\/wp-content\/uploads\/2024\/09\/Cecile-9-250x250.jpg\" alt=\"\" width=\"250\" height=\"250\" \/><\/p>\n<p>Le stage de chant \u00e0 l&rsquo;IMN Le Mans, est l&rsquo;entrainement du Chant, afin d&rsquo;aborder les points vocaux pr\u00e9cis \u00e0 d\u00e9velopper pour <strong>les chanteurs-ses. un module intensif pour explorer l&rsquo;intention, le rythme, l&rsquo;engagement corporel et renforcer l&rsquo;authenticit\u00e9 de la presence vocale.<\/strong><\/p>\n<blockquote>\n<p style=\"text-align: center;\">Les stages de chant <a href=\"https:\/\/www.institut-national-musichall.com\/\">\u00e0 INM le Mans<\/a>\u00a0 en 2026 sont les<\/p>\n<p style=\"text-align: center;\">12 Janvier \/ 9 et 16 f\u00e9vrier\/9 et 23 mars\/<\/p>\n<\/blockquote>\n<p>&nbsp;<\/p>\n<p>Le travail consiste \u00e0 trouver le confort et l&rsquo;endurance vocale, dans le but de chanter sans effort en recherchant le naturel de votre voix.<br \/>\nLa premi\u00e8re partie du cours, on travaille la technique vocale afin de comprendre concr\u00e8tement la respiration, les r\u00e9sonances, l&rsquo;articulation, etc. afin que l&rsquo;on puisse dans la deuxi\u00e8me partie \u00a0appliquer la technique vocale sur des titres ( pop rock, chansons, jazz, etc.) en Anglais ou en Fran\u00e7ais. Vous \u00eates accompagn\u00e9 au piano ou avec des intrus.<\/p>\n","protected":false},"excerpt":{"rendered":"<p>Le stage de chant \u00e0 l&rsquo;IMN Le Mans, est l&rsquo;entrainement du Chant, afin d&rsquo;aborder les points vocaux pr\u00e9cis \u00e0 d\u00e9velopper pour les chanteurs-ses. un module intensif pour explorer l&rsquo;intention, le rythme, l&rsquo;engagement corporel et renforcer l&rsquo;authenticit\u00e9 de la presence vocale. Les stages de chant \u00e0 INM le Mans\u00a0 en 2026 sont les 12 Janvier \/ [&hellip;]<\/p>\n","protected":false},"author":1,"featured_media":0,"parent":0,"menu_order":0,"comment_status":"closed","ping_status":"closed","template":"","meta":{"_et_pb_use_builder":"","_et_pb_old_content":"","_et_gb_content_width":""},"_links":{"self":[{"href":"http:\/\/www.cecilebonardi.com\/coach-vocal\/wp-json\/wp\/v2\/pages\/4061"}],"collection":[{"href":"http:\/\/www.cecilebonardi.com\/coach-vocal\/wp-json\/wp\/v2\/pages"}],"about":[{"href":"http:\/\/www.cecilebonardi.com\/coach-vocal\/wp-json\/wp\/v2\/types\/page"}],"author":[{"embeddable":true,"href":"http:\/\/www.cecilebonardi.com\/coach-vocal\/wp-json\/wp\/v2\/users\/1"}],"replies":[{"embeddable":true,"href":"http:\/\/www.cecilebonardi.com\/coach-vocal\/wp-json\/wp\/v2\/comments?post=4061"}],"version-history":[{"count":6,"href":"http:\/\/www.cecilebonardi.com\/coach-vocal\/wp-json\/wp\/v2\/pages\/4061\/revisions"}],"predecessor-version":[{"id":4335,"href":"http:\/\/www.cecilebonardi.com\/coach-vocal\/wp-json\/wp\/v2\/pages\/4061\/revisions\/4335"}],"wp:attachment":[{"href":"http:\/\/www.cecilebonardi.com\/coach-vocal\/wp-json\/wp\/v2\/media?parent=4061"}],"curies":[{"name":"wp","href":"https:\/\/api.w.org\/{rel}","templated":true}]}}