{"id":4058,"date":"2024-11-20T17:05:20","date_gmt":"2024-11-20T16:05:20","guid":{"rendered":"http:\/\/www.cecilebonardi.com\/coach-vocal\/?page_id=4058"},"modified":"2026-04-08T17:43:56","modified_gmt":"2026-04-08T15:43:56","slug":"les-stages","status":"publish","type":"page","link":"http:\/\/www.cecilebonardi.com\/coach-vocal\/les-stages\/","title":{"rendered":"Les stages"},"content":{"rendered":"<p>Le stage de chant \u00e0 l&rsquo;IMN Le Mans, est l&rsquo;entrainement du Chant, afin d&rsquo;aborder les points vocaux pr\u00e9cis \u00e0 d\u00e9velopper pour <strong>les chanteurs-ses. un module intensif pour explorer l&rsquo;intention, le rythme, l&rsquo;engagement corporel et renforcer l&rsquo;authenticit\u00e9 de la presence vocale.<\/strong><\/p>\n<blockquote>\n<p style=\"text-align: center;\">Les stages de chant au MANS<\/p>\n<p style=\"text-align: center;\"><a href=\"https:\/\/www.institut-national-musichall.com\/\">\u00e0 INM le Mans<\/a>\u00a0 en 2026 sont les<\/p>\n<p style=\"text-align: center;\">12 Janvier \/ 9 et 16 f\u00e9vrier\/9 et 23 mars\/<\/p>\n<\/blockquote>\n<p>Le stage de chant est une bonne mani\u00e8re d&rsquo;aborder les points vocaux pr\u00e9cis \u00e0 d\u00e9velopper pour <strong>des professionnels de la voix<\/strong> (com\u00e9diens-nes, ou orateurs-trices).<\/p>\n<blockquote>\n<p style=\"text-align: center;\">Les stages de chant en SUISSE<\/p>\n<p style=\"text-align: center;\">\u00e0 Gen\u00e8ve et Lausanne chez <a href=\"https:\/\/actinglinestudio.com\">Acting Line Studio<\/a> pour la saison 2025\/2026 sont les<\/p>\n<p style=\"text-align: center;\">16, 17 et 18 Janvier \/ 27, 28 et 29 mars\/ 1er, 2 et 3 mai \/ 27, 28 et 29 juin<\/p>\n<\/blockquote>\n<p>Et pour <strong>les amateurs<\/strong> il permet de d\u00e9couvrir ou de comprendre son instrument vocal en prenant plaisir \u00e0 chanter et en d\u00e9veloppant sa confiance en soi.<\/p>\n<blockquote>\n<p style=\"text-align: center;\">Les stages de chant dans l&rsquo;YONNE<\/p>\n<p style=\"text-align: center;\"><a href=\"https:\/\/www.tousauxangins.fr\/stages.html\">aux Angins<\/a>\u00a0 les 25 et 26 Avril , les 27 et 28 Juillet et les 3 et 4 Aout 2026<\/p>\n<p style=\"text-align: center;\">En Bourgogne \u00e0 Tannerre en Puisaye<\/p>\n<\/blockquote>\n<p>&nbsp;<\/p>\n<blockquote>\n<p style=\"text-align: center;\">Stage de chant en ARD\u00c8CHE<\/p>\n<p style=\"text-align: center;\">Travail de la technique vocale appliqu\u00e9e au travail de <a href=\"https:\/\/www.jacky-weber.com\/\">Jacky Weber<\/a> chef de choeur gospel.<\/p>\n<p style=\"text-align: center;\">\u00a0 En Ard\u00e8che Du 9 au 15 Aout 2026<\/p>\n<\/blockquote>\n<p>&nbsp;<\/p>\n","protected":false},"excerpt":{"rendered":"<p>Le stage de chant \u00e0 l&rsquo;IMN Le Mans, est l&rsquo;entrainement du Chant, afin d&rsquo;aborder les points vocaux pr\u00e9cis \u00e0 d\u00e9velopper pour les chanteurs-ses. un module intensif pour explorer l&rsquo;intention, le rythme, l&rsquo;engagement corporel et renforcer l&rsquo;authenticit\u00e9 de la presence vocale. Les stages de chant au MANS \u00e0 INM le Mans\u00a0 en 2026 sont les 12 [&hellip;]<\/p>\n","protected":false},"author":1,"featured_media":0,"parent":0,"menu_order":0,"comment_status":"closed","ping_status":"closed","template":"page-liste-stage.php","meta":{"_et_pb_use_builder":"","_et_pb_old_content":"","_et_gb_content_width":""},"_links":{"self":[{"href":"http:\/\/www.cecilebonardi.com\/coach-vocal\/wp-json\/wp\/v2\/pages\/4058"}],"collection":[{"href":"http:\/\/www.cecilebonardi.com\/coach-vocal\/wp-json\/wp\/v2\/pages"}],"about":[{"href":"http:\/\/www.cecilebonardi.com\/coach-vocal\/wp-json\/wp\/v2\/types\/page"}],"author":[{"embeddable":true,"href":"http:\/\/www.cecilebonardi.com\/coach-vocal\/wp-json\/wp\/v2\/users\/1"}],"replies":[{"embeddable":true,"href":"http:\/\/www.cecilebonardi.com\/coach-vocal\/wp-json\/wp\/v2\/comments?post=4058"}],"version-history":[{"count":18,"href":"http:\/\/www.cecilebonardi.com\/coach-vocal\/wp-json\/wp\/v2\/pages\/4058\/revisions"}],"predecessor-version":[{"id":4348,"href":"http:\/\/www.cecilebonardi.com\/coach-vocal\/wp-json\/wp\/v2\/pages\/4058\/revisions\/4348"}],"wp:attachment":[{"href":"http:\/\/www.cecilebonardi.com\/coach-vocal\/wp-json\/wp\/v2\/media?parent=4058"}],"curies":[{"name":"wp","href":"https:\/\/api.w.org\/{rel}","templated":true}]}}

<p>Le stage de chant à l&rsquo;IMN Le Mans, est l&rsquo;entrainement du Chant, afin d&rsquo;aborder les points vocaux précis à développer pour <strong>les chanteurs-ses. un module intensif pour explorer l&rsquo;intention, le rythme, l&rsquo;engagement corporel et renforcer l&rsquo;authenticité de la presence vocale.</strong></p>
<blockquote>
<p style="text-align: center;">Les stages de chant au MANS</p>
<p style="text-align: center;"><a href="https://www.institut-national-musichall.com/">à INM le Mans</a>  en 2026 sont les</p>
<p style="text-align: center;">12 Janvier / 9 et 16 février/9 et 23 mars/</p>
</blockquote>
<p>Le stage de chant est une bonne manière d&rsquo;aborder les points vocaux précis à développer pour <strong>des professionnels de la voix</strong> (comédiens-nes, ou orateurs-trices).</p>
<blockquote>
<p style="text-align: center;">Les stages de chant en SUISSE</p>
<p style="text-align: center;">à Genève et Lausanne chez <a href="https://actinglinestudio.com">Acting Line Studio</a> pour la saison 2025/2026 sont les</p>
<p style="text-align: center;">16, 17 et 18 Janvier / 27, 28 et 29 mars/ 1er, 2 et 3 mai / 27, 28 et 29 juin</p>
</blockquote>
<p>Et pour <strong>les amateurs</strong> il permet de découvrir ou de comprendre son instrument vocal en prenant plaisir à chanter et en développant sa confiance en soi.</p>
<blockquote>
<p style="text-align: center;">Les stages de chant dans l&rsquo;YONNE</p>
<p style="text-align: center;"><a href="https://www.tousauxangins.fr/stages.html">aux Angins</a>  les 25 et 26 Avril , les 27 et 28 Juillet et les 3 et 4 Aout 2026</p>
<p style="text-align: center;">En Bourgogne à Tannerre en Puisaye</p>
</blockquote>
<p>&nbsp;</p>
<blockquote>
<p style="text-align: center;">Stage de chant en ARDÈCHE</p>
<p style="text-align: center;">Travail de la technique vocale appliquée au travail de <a href="https://www.jacky-weber.com/">Jacky Weber</a> chef de choeur gospel.</p>
<p style="text-align: center;">  En Ardèche Du 9 au 15 Aout 2026</p>
</blockquote>
<p>&nbsp;</p>

<p>Le stage de chant à l&rsquo;IMN Le Mans, est l&rsquo;entrainement du Chant, afin d&rsquo;aborder les points vocaux précis à développer pour les chanteurs-ses. un module intensif pour explorer l&rsquo;intention, le rythme, l&rsquo;engagement corporel et renforcer l&rsquo;authenticité de la presence vocale. Les stages de chant au MANS à INM le Mans  en 2026 sont les 12 [&hellip;]</p>
